{"id":1236,"date":"2017-01-20T02:39:57","date_gmt":"2017-01-20T02:39:57","guid":{"rendered":"http:\/\/www.eusar.com.ar\/?page_id=1236"},"modified":"2024-08-18T12:40:21","modified_gmt":"2024-08-18T12:40:21","slug":"soporte","status":"publish","type":"page","link":"\/index.php\/soporte\/","title":{"rendered":"Soporte"},"content":{"rendered":"<p>[vc_row][vc_column width=\u00bb1\/4&#8243;]<figure class=\"sc_image  sc_image_shape_square\"><img decoding=\"async\" src=\"http:\/\/www.eusar.com.ar\/wp-content\/uploads\/2017\/01\/20-sporte2.jpg\" alt=\"\" \/><\/figure>[vc_empty_space height=\u00bb12px\u00bb][\/vc_column][vc_column width=\u00bb1\/4&#8243;][vc_column_text]<\/p>\n<h5 style=\"text-align: center;\"><b>Entrenamientos \/ Capacitaciones<\/b><\/h5>\n<p>[\/vc_column_text][vc_empty_space height=\u00bb12px\u00bb][vc_column_text]<\/p>\n<p style=\"text-align: left;\">Contamos con entrenamientos online y presenciales a medida de las necesidades de los usuarios, capacit\u00e1ndolos en las funcionalidades, usos y lectura de los distintos reportes\u00a0 del software de gesti\u00f3n.<\/p>\n<p>[\/vc_column_text][\/vc_column][vc_column width=\u00bb1\/4&#8243;]<figure class=\"sc_image  sc_image_shape_square\"><img decoding=\"async\" src=\"http:\/\/www.eusar.com.ar\/wp-content\/uploads\/2017\/01\/21-sporte3.jpg\" alt=\"\" \/><\/figure>[\/vc_column][vc_column width=\u00bb1\/4&#8243;][vc_column_text]<\/p>\n<h5 style=\"text-align: center;\"><b>Acceso al Software de Gesti\u00f3n<\/b><\/h5>\n<p>[\/vc_column_text][vc_empty_space height=\u00bb12px\u00bb][vc_column_text]<iframe loading=\"lazy\" src=\"https:\/\/followenergy.com\/Home\" width=\"210\" height=\"130\" frameborder=\"0\"><\/iframe>[\/vc_column_text][\/vc_column][\/vc_row][vc_row][vc_column][vc_empty_space][\/vc_column][\/vc_row][vc_row][vc_column width=\u00bb1\/4&#8243;]<figure class=\"sc_image  sc_image_shape_square\"><img decoding=\"async\" src=\"http:\/\/www.eusar.com.ar\/wp-content\/uploads\/2017\/01\/23-soporte.jpg\" alt=\"\" \/><\/figure>[vc_empty_space height=\u00bb12px\u00bb][\/vc_column][vc_column width=\u00bb1\/4&#8243;][vc_column_text]<\/p>\n<h5 style=\"text-align: center;\"><b>Instalaciones<\/b><\/h5>\n<p>[\/vc_column_text][vc_empty_space height=\u00bb12px\u00bb][vc_column_text]Nuestras instalaciones se realizan con una metodolog\u00eda adquirida y probada por a\u00f1os de experiencia siguiendo normas estrictas de seguridad laboral y t\u00e9cnicas.<\/p>\n<p>Contamos con un equipo de t\u00e9cnicos capacitados y liderados por Ingenieros Especializados con cobertura nacional.[\/vc_column_text][\/vc_column][vc_column width=\u00bb1\/4&#8243;]<figure class=\"sc_image  sc_image_shape_square\"><img decoding=\"async\" src=\"http:\/\/www.eusar.com.ar\/wp-content\/uploads\/2017\/01\/22-soporte.jpg\" alt=\"\" \/><\/figure>[\/vc_column][vc_column width=\u00bb1\/4&#8243;][vc_column_text]<\/p>\n<h5 style=\"text-align: center;\"><b>Help Desk<\/b><\/h5>\n<p>[\/vc_column_text][vc_empty_space height=\u00bb12px\u00bb][vc_column_text]Brindamos ayuda telef\u00f3nica a nuestros clientes. Comun\u00edquese al <strong>+54 (11) 5365-5656.<\/strong><\/p>\n<p>Tambi\u00e9n puede comunicarse envi\u00e1ndonos un email: <strong>soporte@eusar.com.ar<\/strong>[\/vc_column_text][\/vc_column][\/vc_row]<\/p>\n","protected":false},"excerpt":{"rendered":"<p>[vc_row][vc_column width=\u00bb1\/4&#8243;][vc_empty_space height=\u00bb12px\u00bb][\/vc_column][vc_column width=\u00bb1\/4&#8243;][vc_column_text] Entrenamientos \/ Capacitaciones [\/vc_column_text][vc_empty_space height=\u00bb12px\u00bb][vc_column_text] Contamos con entrenamientos online y presenciales a medida de las necesidades de los usuarios, capacit\u00e1ndolos en las funcionalidades, usos y lectura de los distintos reportes\u00a0 del software de gesti\u00f3n. [\/vc_column_text][\/vc_column][vc_column width=\u00bb1\/4&#8243;][\/vc_column][vc_column width=\u00bb1\/4&#8243;][vc_column_text] Acceso al Software de Gesti\u00f3n [\/vc_column_text][vc_empty_space height=\u00bb12px\u00bb][vc_column_text][\/vc_column_text][\/vc_column][\/vc_row][vc_row][vc_column][vc_empty_space][\/vc_column][\/vc_row][vc_row][vc_column width=\u00bb1\/4&#8243;][vc_empty_space height=\u00bb12px\u00bb][\/vc_column][vc_column width=\u00bb1\/4&#8243;][vc_column_text] Instalaciones [\/vc_column_text][vc_empty_space height=\u00bb12px\u00bb][vc_column_text]Nuestras instalaciones [&hellip;]<\/p>\n","protected":false},"author":1,"featured_media":0,"parent":0,"menu_order":0,"comment_status":"closed","ping_status":"closed","template":"","meta":{"footnotes":""},"class_list":["post-1236","page","type-page","status-publish","hentry"],"_links":{"self":[{"href":"\/index.php\/wp-json\/wp\/v2\/pages\/1236","targetHints":{"allow":["GET"]}}],"collection":[{"href":"\/index.php\/wp-json\/wp\/v2\/pages"}],"about":[{"href":"\/index.php\/wp-json\/wp\/v2\/types\/page"}],"author":[{"embeddable":true,"href":"\/index.php\/wp-json\/wp\/v2\/users\/1"}],"replies":[{"embeddable":true,"href":"\/index.php\/wp-json\/wp\/v2\/comments?post=1236"}],"version-history":[{"count":20,"href":"\/index.php\/wp-json\/wp\/v2\/pages\/1236\/revisions"}],"predecessor-version":[{"id":1727,"href":"\/index.php\/wp-json\/wp\/v2\/pages\/1236\/revisions\/1727"}],"wp:attachment":[{"href":"\/index.php\/wp-json\/wp\/v2\/media?parent=1236"}],"curies":[{"name":"wp","href":"https:\/\/api.w.org\/{rel}","templated":true}]}}